{"id":177,"date":"2016-08-01T20:12:43","date_gmt":"2016-08-01T19:12:43","guid":{"rendered":"https:\/\/www.kubic3d.com\/?page_id=177"},"modified":"2016-08-01T20:24:35","modified_gmt":"2016-08-01T19:24:35","slug":"mentions-legales","status":"publish","type":"page","link":"https:\/\/www.kubic3d.com\/index.php\/mentions-legales\/","title":{"rendered":"MENTIONS LEGALES"},"content":{"rendered":"<h2 style=\"text-align: justify;\"><strong>Conditions g\u00e9n\u00e9rales d&rsquo;utilisation<\/strong><\/h2>\n<p style=\"text-align: justify;\">L&rsquo;utilisation de ce site est r\u00e9serv\u00e9e \u00e0 un usage strictement personnel. Toute reproduction ou repr\u00e9sentation, en tout ou partie, \u00e0 d&rsquo;autres fins sur un quelconque support est interdite. Le non-respect de cette interdiction constitue une contrefa\u00e7on pouvant engager la responsabilit\u00e9 civile ou p\u00e9nale du contrefacteur.<br \/>\nLes informations contenues sur ce site sont non contractuelles et sujettes \u00e0 modifications sans pr\u00e9avis.<\/p>\n<p style=\"text-align: justify;\">Manuel SEILHES<\/p>\n<h2 style=\"text-align: justify;\"><strong>Mentions l\u00e9gales du site Kubic 3D<\/strong><\/h2>\n<p style=\"text-align: justify;\"><strong>Conditions d\u2019utilisation du site<\/strong><\/p>\n<p style=\"text-align: justify;\">Manuel SEILHES s&rsquo;effor\u00e7e de mettre \u00e0 jour le contenu du site et de d\u00e9livrer aux utilisateurs des informations exactes. Manuel SEILHES, s\u2019efforce d\u2019assurer au mieux de ses possibilit\u00e9s l\u2019exactitude et la mise \u00e0 jour des informations diffus\u00e9es sur ce site, dont il se r\u00e9serve le droit de corriger \u00e0 tout moment et sans pr\u00e9avis le contenu. Toutefois, Manuel SEILHES ne peut garantir l\u2019exactitude, la pr\u00e9cision ou l\u2019exhaustivit\u00e9 des informations mises \u00e0 disposition sur ce site. Toute erreur ou omission pourra \u00eatre notifi\u00e9e via notre lien de contact.<\/p>\n<p style=\"text-align: justify;\">Par ailleurs, nous nous effor\u00e7ons de maintenir accessible le site, sans pour autant \u00eatre tenus \u00e0 aucune obligation d&rsquo;y parvenir. Il est pr\u00e9cis\u00e9 qu\u2019\u00e0 des fins de maintenance, de mise \u00e0 jour, et pour toute autre raison notamment d\u2019ordre technique, l&rsquo;acc\u00e8s au site pourra \u00eatre interrompu. Nous ne sommes en aucun cas responsables de ces interruptions et des cons\u00e9quences qui peuvent en d\u00e9couler pour l\u2019utilisateur.<\/p>\n<p style=\"text-align: justify;\"><strong>Droits de Propri\u00e9t\u00e9 Intellectuelle et Industrielle<\/strong><\/p>\n<p style=\"text-align: justify;\">Tous les \u00e9l\u00e9ments du pr\u00e9sent site (textes, photographies, illustrations, logo, ic\u00f4nes, fichiers disponibles en t\u00e9l\u00e9chargement, etc.) sont la propri\u00e9t\u00e9 exclusive de Manuel SEILHES et de ses partenaires et sont, le cas \u00e9ch\u00e9ant, prot\u00e9g\u00e9s par les lois fran\u00e7aises et les textes internationaux relatifs au respect des droits d&rsquo;auteur, copyright, dessins et mod\u00e8les et brevets.<\/p>\n<p style=\"text-align: justify;\">Tous droits r\u00e9serv\u00e9s \u00a9 Manuel SEILHES.<\/p>\n<p style=\"text-align: justify;\">Toutes les pages des sites de Manuel SEILHES sont prot\u00e9g\u00e9es au titre du droit d&rsquo;auteur \u00a9.<\/p>\n<p style=\"text-align: justify;\">Tous droits r\u00e9serv\u00e9s (notamment de reproduction, de repr\u00e9sentation, d&rsquo;adaptation et de diffusion).<\/p>\n<p style=\"text-align: justify;\"><strong>Donn\u00e9es personnelles<\/strong><\/p>\n<p style=\"text-align: justify;\">Utilisation et transmission de donn\u00e9es personnelles :<br \/>\nNous pourrons \u00eatre amen\u00e9s \u00e0 vous demander de nous fournir des donn\u00e9es personnelles. Manuel SEILHES s\u2019engage \u00e0 respecter votre vie priv\u00e9e et \u00e0 prot\u00e9ger les informations que vous nous communiquez. Les donn\u00e9es personnelles collect\u00e9es sur le site de Manuel SEILHES sont destin\u00e9es \u00e0 un usage en interne. Elles sont confidentielles et trait\u00e9es comme telles, et ne pourront faire l\u2019objet de cession \u00e0 des tiers.<\/p>\n<p style=\"text-align: justify;\">Le site www.kubic3d.com peut \u00eatre amen\u00e9 \u00e0 utiliser des cookies. L\u2019utilisateur est inform\u00e9 que, lors de ses visites sur le site, un cookie peut s\u2019installer automatiquement sur son logiciel de navigation. Le cookie est un bloc de donn\u00e9es qui ne permet pas d&rsquo;identifier l&rsquo;utilisateur mais sert \u00e0 enregistrer des informations relatives \u00e0 la navigation de celui-ci sur le site.<\/p>\n<p style=\"text-align: justify;\"><strong>Responsabilit\u00e9<\/strong><\/p>\n<p style=\"text-align: justify;\">L&rsquo;utilisation du site, de ses services et de tout \u00e9l\u00e9ment ou information obtenue via celui-ci, rel\u00e8ve de la responsabilit\u00e9 exclusive de l&rsquo;utilisateur. Nous ne fournissons \u00e0 l&rsquo;utilisateur aucune garantie d&rsquo;aucune sorte, expresse ou implicite, quant \u00e0 la qualit\u00e9 des services du site ou de leur qualit\u00e9 marchande, la conformit\u00e9 du service ou du r\u00e9sultat recherch\u00e9 aux attentes de l&rsquo;utilisateur.<\/p>\n<p style=\"text-align: justify;\">En tant qu\u2019utilisateur du site, il vous appartient de prendre toutes les mesures appropri\u00e9es de fa\u00e7on \u00e0 prot\u00e9ger vos propres donn\u00e9es et\/ou logiciels de la contamination par des \u00e9ventuels virus circulant sur Internet.<\/p>\n<p style=\"text-align: justify;\">Le site peut contenir des liens vers d&rsquo;autres sites non g\u00e9r\u00e9s et\/ou \u00e9dit\u00e9s par Manuel SEILHES. Nous ne contr\u00f4lons en aucune mani\u00e8re les informations, produits ou services propos\u00e9s par ces autres sites et ne pouvons en AUCUN CAS \u00eatre tenus responsables du contenu de tels sites.<\/p>\n<hr \/>\n<p class=\"\"><img loading=\"lazy\" decoding=\"async\" class=\"wp-image-256 aligncenter tc-smart-loaded\" src=\"https:\/\/www.kubic3d.com\/wp-content\/uploads\/2016\/07\/logo_kubic.png\" alt=\"logo_kubic\" width=\"150\" height=\"44\" \/><\/p>\n","protected":false},"excerpt":{"rendered":"<p>Conditions g\u00e9n\u00e9rales d&rsquo;utilisation L&rsquo;utilisation de ce site est r\u00e9serv\u00e9e \u00e0 un usage strictement personnel. Toute reproduction ou repr\u00e9sentation, en tout ou partie, \u00e0 d&rsquo;autres fins sur un quelconque support est interdite. Le non-respect de cette interdiction constitue une contrefa\u00e7on pouvant engager la responsabilit\u00e9 civile ou p\u00e9nale du contrefacteur. Les informations contenues sur ce site sont [&hellip;]<\/p>\n","protected":false},"author":1,"featured_media":0,"parent":0,"menu_order":0,"comment_status":"closed","ping_status":"closed","template":"","meta":{"_exactmetrics_skip_tracking":false,"_exactmetrics_sitenote_active":false,"_exactmetrics_sitenote_note":"","_exactmetrics_sitenote_category":0,"ngg_post_thumbnail":0,"footnotes":""},"class_list":["post-177","page","type-page","status-publish","czr-hentry"],"_links":{"self":[{"href":"https:\/\/www.kubic3d.com\/index.php\/wp-json\/wp\/v2\/pages\/177","targetHints":{"allow":["GET"]}}],"collection":[{"href":"https:\/\/www.kubic3d.com\/index.php\/wp-json\/wp\/v2\/pages"}],"about":[{"href":"https:\/\/www.kubic3d.com\/index.php\/wp-json\/wp\/v2\/types\/page"}],"author":[{"embeddable":true,"href":"https:\/\/www.kubic3d.com\/index.php\/wp-json\/wp\/v2\/users\/1"}],"replies":[{"embeddable":true,"href":"https:\/\/www.kubic3d.com\/index.php\/wp-json\/wp\/v2\/comments?post=177"}],"version-history":[{"count":2,"href":"https:\/\/www.kubic3d.com\/index.php\/wp-json\/wp\/v2\/pages\/177\/revisions"}],"predecessor-version":[{"id":183,"href":"https:\/\/www.kubic3d.com\/index.php\/wp-json\/wp\/v2\/pages\/177\/revisions\/183"}],"wp:attachment":[{"href":"https:\/\/www.kubic3d.com\/index.php\/wp-json\/wp\/v2\/media?parent=177"}],"curies":[{"name":"wp","href":"https:\/\/api.w.org\/{rel}","templated":true}]}}