{"id":2,"date":"2016-08-01T16:07:46","date_gmt":"2016-08-01T15:07:46","guid":{"rendered":"https:\/\/www.kubic3d.com\/?page_id=2"},"modified":"2024-10-15T15:32:50","modified_gmt":"2024-10-15T14:32:50","slug":"page-d-exemple-2","status":"publish","type":"page","link":"https:\/\/www.kubic3d.com\/","title":{"rendered":"ACCUEIL"},"content":{"rendered":"<h1>OFFREZ UNE AUTRE DIMENSION A VOTRE COMMUNICATION<\/h1>\n<hr>\n<p>Kubic 3D, entreprise de formation et de&nbsp; cr\u00e9ation num\u00e9rique propose de transformer votre production 2D, PAO, Infographie en animations 3D enti\u00e8rement en images de synth\u00e8se.<\/p>\n<blockquote><p>Am\u00e9liorez votre communication en dynamisant votre travail, le rendant plus attractif. Nous mettons \u00e0 votre disposition des technologies innovantes li\u00e9es \u00e0 la 3D et \u00e0 l\u2019infographie.<\/p><\/blockquote>\n<hr>\n<h1 style=\"text-align: center;\">Les organismes de formations qui me font confiance :<\/h1>\n<p><img loading=\"lazy\" decoding=\"async\" class=\"size-full wp-image-590 aligncenter\" src=\"https:\/\/www.kubic3d.com\/wp-content\/uploads\/2024\/10\/confiance.jpg\" alt=\"\" width=\"1000\" height=\"600\" srcset=\"https:\/\/www.kubic3d.com\/wp-content\/uploads\/2024\/10\/confiance.jpg 1000w, https:\/\/www.kubic3d.com\/wp-content\/uploads\/2024\/10\/confiance-300x180.jpg 300w, https:\/\/www.kubic3d.com\/wp-content\/uploads\/2024\/10\/confiance-768x461.jpg 768w\" sizes=\"auto, (max-width: 1000px) 100vw, 1000px\" \/><\/p>\n<hr>\n<p>&nbsp;<\/p>\n<p><center><iframe loading=\"lazy\" src=\"https:\/\/www.youtube.com\/embed\/ibNWdVZluHo?autoplay=0;loop=1&amp;playlist=ibNWdVZluHo\" width=\"853\" height=\"480\" frameborder=\"0\" allowfullscreen=\"allowfullscreen\"><\/iframe>&nbsp;<\/center><\/p>\n<blockquote>\n<p style=\"text-align: left;\">Clip de promotion de ma production en MOTION DESIGN sur AFTER EFFECT.<\/p>\n<\/blockquote>\n<p><center>&nbsp;<\/center><\/p>\n<hr>\n<p>&nbsp;<\/p>\n<p><center><br \/>\n<iframe loading=\"lazy\" src=\"https:\/\/www.youtube.com\/embed\/8qaUUZsk8Co?autoplay=1;loop=1&amp;playlist=8qaUUZsk8Co\" width=\"853\" height=\"480\" frameborder=\"0\" allowfullscreen=\"allowfullscreen\"><\/iframe><\/center><\/p>\n<blockquote><p>Nouvelle animation 3D : construction, am\u00e9nagement et implantation d&rsquo;une villa contemporaine.&nbsp;<\/p><\/blockquote>\n<p>&nbsp;<\/p>\n<hr>\n<h1>Mes r\u00e9alisations Multim\u00e9dias :<\/h1>\n<p><img loading=\"lazy\" decoding=\"async\" class=\"size-full wp-image-559 aligncenter\" src=\"https:\/\/www.kubic3d.com\/wp-content\/uploads\/2020\/12\/confiance.png\" alt=\"\" width=\"1000\" height=\"224\" srcset=\"https:\/\/www.kubic3d.com\/wp-content\/uploads\/2020\/12\/confiance.png 1000w, https:\/\/www.kubic3d.com\/wp-content\/uploads\/2020\/12\/confiance-300x67.png 300w, https:\/\/www.kubic3d.com\/wp-content\/uploads\/2020\/12\/confiance-768x172.png 768w\" sizes=\"auto, (max-width: 1000px) 100vw, 1000px\" \/><\/p>\n<p style=\"text-align: center;\">&nbsp;<\/p>\n<hr>\n<p class=\"\"><img loading=\"lazy\" decoding=\"async\" class=\"wp-image-256 aligncenter tc-smart-loaded\" src=\"https:\/\/www.kubic3d.com\/wp-content\/uploads\/2016\/07\/logo_kubic.png\" alt=\"logo_kubic\" width=\"150\" height=\"44\"><\/p>\n","protected":false},"excerpt":{"rendered":"<p>OFFREZ UNE AUTRE DIMENSION A VOTRE COMMUNICATION Kubic 3D, entreprise de formation et de&nbsp; cr\u00e9ation num\u00e9rique propose de transformer votre production 2D, PAO, Infographie en animations 3D enti\u00e8rement en images de synth\u00e8se. Am\u00e9liorez votre communication en dynamisant votre travail, le rendant plus attractif. Nous mettons \u00e0 votre disposition des technologies innovantes li\u00e9es \u00e0 la 3D [&hellip;]<\/p>\n","protected":false},"author":1,"featured_media":0,"parent":0,"menu_order":0,"comment_status":"closed","ping_status":"open","template":"","meta":{"_exactmetrics_skip_tracking":false,"_exactmetrics_sitenote_active":false,"_exactmetrics_sitenote_note":"","_exactmetrics_sitenote_category":0,"ngg_post_thumbnail":0,"footnotes":""},"class_list":["post-2","page","type-page","status-publish","czr-hentry"],"_links":{"self":[{"href":"https:\/\/www.kubic3d.com\/index.php\/wp-json\/wp\/v2\/pages\/2","targetHints":{"allow":["GET"]}}],"collection":[{"href":"https:\/\/www.kubic3d.com\/index.php\/wp-json\/wp\/v2\/pages"}],"about":[{"href":"https:\/\/www.kubic3d.com\/index.php\/wp-json\/wp\/v2\/types\/page"}],"author":[{"embeddable":true,"href":"https:\/\/www.kubic3d.com\/index.php\/wp-json\/wp\/v2\/users\/1"}],"replies":[{"embeddable":true,"href":"https:\/\/www.kubic3d.com\/index.php\/wp-json\/wp\/v2\/comments?post=2"}],"version-history":[{"count":60,"href":"https:\/\/www.kubic3d.com\/index.php\/wp-json\/wp\/v2\/pages\/2\/revisions"}],"predecessor-version":[{"id":591,"href":"https:\/\/www.kubic3d.com\/index.php\/wp-json\/wp\/v2\/pages\/2\/revisions\/591"}],"wp:attachment":[{"href":"https:\/\/www.kubic3d.com\/index.php\/wp-json\/wp\/v2\/media?parent=2"}],"curies":[{"name":"wp","href":"https:\/\/api.w.org\/{rel}","templated":true}]}}