{"id":378,"date":"2018-05-30T19:41:36","date_gmt":"2018-05-30T18:41:36","guid":{"rendered":"https:\/\/www.kubic3d.com\/?page_id=378"},"modified":"2024-04-02T07:29:52","modified_gmt":"2024-04-02T06:29:52","slug":"formations","status":"publish","type":"page","link":"https:\/\/www.kubic3d.com\/index.php\/formations\/","title":{"rendered":"FORMATIONS"},"content":{"rendered":"<p>Manuel SEILHES &#8211; Formateur informatique.<\/p>\n<blockquote><p><em>Enregistr\u00e9 sous le <strong>93830552383<\/strong>. Cet enregistrement ne vaut pas agr\u00e9ment de l&rsquo;\u00e9tat.<\/em><\/p><\/blockquote>\n<p><img loading=\"lazy\" decoding=\"async\" class=\"wp-image-505 aligncenter\" src=\"https:\/\/www.kubic3d.com\/wp-content\/uploads\/2019\/09\/Picto_datadocke.jpg\" alt=\"\" width=\"357\" height=\"469\"><\/p>\n<blockquote><p>Mon activit\u00e9 de formateur est Datadock\u00e9e. Je suis r\u00e9f\u00e9renc\u00e9 aupr\u00e8s des financeurs des formations professionnelles.<\/p><\/blockquote>\n<p>Titulaire du Titre Professionnel de Formateur pour Adultes (niveau III), d&rsquo;un Titre Professionnel de D\u00e9veloppeur en Multim\u00e9dia (niveau III) et d&rsquo;un BEATEP niveau IV), Je suis formateur informatique dans plusieurs centres de formation. Entre 2021 et 2024, j&rsquo;ai con\u00e7u et dirig\u00e9 un Bachelor de d\u00e9veloppement de jeux vid\u00e9o dans une \u00e9cole d&rsquo;ing\u00e9nieurs.<\/p>\n<p>J&rsquo;ai aussi enseign\u00e9 l&rsquo;informatique en milieu carc\u00e9ral pendant 11 ans aux d\u00e9tenus dans le cadre de leur parcours de r\u00e9insertion.<br \/>\n<a name=\"pao\"><\/a><br \/>\n<img loading=\"lazy\" decoding=\"async\" class=\"size-full wp-image-424 aligncenter\" src=\"https:\/\/www.kubic3d.com\/wp-content\/uploads\/2018\/05\/PAO-1.png\" alt=\"\" width=\"800\" height=\"65\" srcset=\"https:\/\/www.kubic3d.com\/wp-content\/uploads\/2018\/05\/PAO-1.png 800w, https:\/\/www.kubic3d.com\/wp-content\/uploads\/2018\/05\/PAO-1-300x24.png 300w, https:\/\/www.kubic3d.com\/wp-content\/uploads\/2018\/05\/PAO-1-768x62.png 768w\" sizes=\"auto, (max-width: 800px) 100vw, 800px\" \/><\/p>\n<p>Je propose une gamme compl\u00e8te de formations Adobe centr\u00e9es sur le Multim\u00e9dia, adapt\u00e9e \u00e0 vos besoins et \u00e0 vos int\u00e9r\u00eats. Que vous souhaitiez apprendre \u00e0 utiliser les bases de l\u2019un de ces logiciels ou m\u00eame enti\u00e8rement le ma\u00eetriser, je vous aiderai \u00e0 trouver la formation correspondant \u00e0 vos besoins et r\u00e9pondant \u00e0 vos ambitions.<\/p>\n<p style=\"text-align: center;\"><img loading=\"lazy\" decoding=\"async\" class=\" wp-image-435 aligncenter\" src=\"https:\/\/www.kubic3d.com\/wp-content\/uploads\/2018\/05\/panneau-formations.png\" alt=\"\" width=\"671\" height=\"700\"><em style=\"font-weight: inherit;\"><strong><span style=\"color: #ff0000;\">Prix :<\/span><\/strong><\/em><span style=\"font-weight: inherit;\"> 600\u20ac \/ jour<\/span><a name=\"3D\"><\/a><\/p>\n<p><img loading=\"lazy\" decoding=\"async\" class=\"size-full wp-image-419 aligncenter\" style=\"font-weight: inherit; text-align: center;\" src=\"https:\/\/www.kubic3d.com\/wp-content\/uploads\/2018\/05\/3D.png\" alt=\"\" width=\"800\" height=\"65\" srcset=\"https:\/\/www.kubic3d.com\/wp-content\/uploads\/2018\/05\/3D.png 800w, https:\/\/www.kubic3d.com\/wp-content\/uploads\/2018\/05\/3D-300x24.png 300w, https:\/\/www.kubic3d.com\/wp-content\/uploads\/2018\/05\/3D-768x62.png 768w\" sizes=\"auto, (max-width: 800px) 100vw, 800px\" \/><\/p>\n<p>Je propose une une formation permettant aux apprenants de maitriser les outils et les concepts de base de la 3D. Cette formation vous permettra d&rsquo;agir dans les domaines suivants : graphisme 3D, animation 3D, SERIOUS GAMING, rendus architecturaux, r\u00e9alit\u00e9 virtuelle, r\u00e9alit\u00e9 augment\u00e9e.<\/p>\n<p><img loading=\"lazy\" decoding=\"async\" class=\"wp-image-581 aligncenter\" src=\"https:\/\/www.kubic3d.com\/wp-content\/uploads\/2024\/04\/panneau-3D.jpg\" alt=\"\" width=\"635\" height=\"278\" srcset=\"https:\/\/www.kubic3d.com\/wp-content\/uploads\/2024\/04\/panneau-3D.jpg 963w, https:\/\/www.kubic3d.com\/wp-content\/uploads\/2024\/04\/panneau-3D-300x131.jpg 300w, https:\/\/www.kubic3d.com\/wp-content\/uploads\/2024\/04\/panneau-3D-768x336.jpg 768w\" sizes=\"auto, (max-width: 635px) 100vw, 635px\" \/><\/p>\n<p style=\"text-align: center;\"><a href=\"https:\/\/www.kubic3d.com\/formations\/programme_unity\"><span style=\"color: #000000;\">Programme de formation t\u00e9l\u00e9chargeable<\/span><\/a><\/p>\n<p style=\"text-align: center;\"><em><strong><span style=\"color: #ff0000;\">Prix :<\/span><\/strong><\/em> 600\u20ac \/ jour&nbsp;<a name=\"bureautique\"><\/a><\/p>\n<p><img loading=\"lazy\" decoding=\"async\" class=\"alignnone size-full wp-image-394 aligncenter\" src=\"https:\/\/www.kubic3d.com\/wp-content\/uploads\/2018\/05\/bureautique.png\" alt=\"\" width=\"800\" height=\"65\" srcset=\"https:\/\/www.kubic3d.com\/wp-content\/uploads\/2018\/05\/bureautique.png 800w, https:\/\/www.kubic3d.com\/wp-content\/uploads\/2018\/05\/bureautique-300x24.png 300w, https:\/\/www.kubic3d.com\/wp-content\/uploads\/2018\/05\/bureautique-768x62.png 768w\" sizes=\"auto, (max-width: 800px) 100vw, 800px\" \/><\/p>\n<p>Je met en place des formations adapt\u00e9es aux niveaux et aux besoins des apprenants. Je suis \u00e0 votre \u00e9coute pour d\u00e9terminer avec vous les contenus de votre formation afin de vous proposer la solution qui vous convient.<\/p>\n<p style=\"text-align: center;\"><img loading=\"lazy\" decoding=\"async\" class=\" wp-image-465 aligncenter\" src=\"https:\/\/www.kubic3d.com\/wp-content\/uploads\/2018\/06\/panneau-bureautique-1.png\" alt=\"\" width=\"609\" height=\"521\"><em><strong><span style=\"color: #ff0000;\">Prix :<\/span><\/strong><\/em> 350\u20ac \/ jour<a name=\"systemes\"><\/a><\/p>\n<p style=\"text-align: center;\"><img loading=\"lazy\" decoding=\"async\" class=\"size-full wp-image-403 aligncenter\" style=\"text-align: center;\" src=\"https:\/\/www.kubic3d.com\/wp-content\/uploads\/2018\/05\/systemes-1.png\" alt=\"\" width=\"800\" height=\"65\" srcset=\"https:\/\/www.kubic3d.com\/wp-content\/uploads\/2018\/05\/systemes-1.png 800w, https:\/\/www.kubic3d.com\/wp-content\/uploads\/2018\/05\/systemes-1-300x24.png 300w, https:\/\/www.kubic3d.com\/wp-content\/uploads\/2018\/05\/systemes-1-768x62.png 768w\" sizes=\"auto, (max-width: 800px) 100vw, 800px\" \/>La prise en main, la gestion ou l&rsquo;utilisation au quotidien d&rsquo;un PC peuvent se r\u00e9veler ardues. Je vous propose une formation sur mesure qui vous permettra de monter en comp\u00e9tence et en aisance dans l&rsquo;utilisation des syst\u00e8mes informatiques.<br \/>\n<em><strong><span style=\"color: #ff0000;\">Prix :<\/span><\/strong><\/em> 350\u20ac \/ jour<a name=\"vae\"><\/a><\/p>\n<p style=\"text-align: center;\"><img loading=\"lazy\" decoding=\"async\" class=\"alignnone size-full wp-image-402 aligncenter\" src=\"https:\/\/www.kubic3d.com\/wp-content\/uploads\/2018\/05\/VAE-1.png\" alt=\"\" width=\"800\" height=\"65\" srcset=\"https:\/\/www.kubic3d.com\/wp-content\/uploads\/2018\/05\/VAE-1.png 800w, https:\/\/www.kubic3d.com\/wp-content\/uploads\/2018\/05\/VAE-1-300x24.png 300w, https:\/\/www.kubic3d.com\/wp-content\/uploads\/2018\/05\/VAE-1-768x62.png 768w\" sizes=\"auto, (max-width: 800px) 100vw, 800px\" \/><\/p>\n<p>La pr\u00e9paration du Livret 1 et la r\u00e9daction du livret 2 sont deux t\u00e2ches ardues \u00e0 ne pas n\u00e9gliger. Je vous propose mon accompagnement dans ces deux \u00e9tapes cruciales pour l&rsquo;\u00e9volution de votre carri\u00e8re. Un accompagnement personnalis\u00e9 vous aidera \u00e0 obtenir le Titre Professionnel ou le Dipl\u00f4me que vous visez.<\/p>\n<p style=\"text-align: center;\"><em><strong><span style=\"color: #ff0000;\">Prix :<\/span><\/strong><\/em> 1500 \u20ac l&rsquo;accompagnement<\/p>\n<p>Conditions generales de vente : <a href=\"https:\/\/www.kubic3d.com\/formations\/cgv.pdf\"><span style=\"color: #ff0000;\">CGV<\/span><\/a><\/p>\n","protected":false},"excerpt":{"rendered":"<p>Manuel SEILHES &#8211; Formateur informatique. Enregistr\u00e9 sous le 93830552383. Cet enregistrement ne vaut pas agr\u00e9ment de l&rsquo;\u00e9tat. Mon activit\u00e9 de formateur est Datadock\u00e9e. Je suis r\u00e9f\u00e9renc\u00e9 aupr\u00e8s des financeurs des formations professionnelles. Titulaire du Titre Professionnel de Formateur pour Adultes (niveau III), d&rsquo;un Titre Professionnel de D\u00e9veloppeur en Multim\u00e9dia (niveau III) et d&rsquo;un BEATEP niveau [&hellip;]<\/p>\n","protected":false},"author":1,"featured_media":0,"parent":0,"menu_order":0,"comment_status":"closed","ping_status":"closed","template":"","meta":{"_exactmetrics_skip_tracking":false,"_exactmetrics_sitenote_active":false,"_exactmetrics_sitenote_note":"","_exactmetrics_sitenote_category":0,"ngg_post_thumbnail":0,"footnotes":""},"class_list":["post-378","page","type-page","status-publish","czr-hentry"],"_links":{"self":[{"href":"https:\/\/www.kubic3d.com\/index.php\/wp-json\/wp\/v2\/pages\/378","targetHints":{"allow":["GET"]}}],"collection":[{"href":"https:\/\/www.kubic3d.com\/index.php\/wp-json\/wp\/v2\/pages"}],"about":[{"href":"https:\/\/www.kubic3d.com\/index.php\/wp-json\/wp\/v2\/types\/page"}],"author":[{"embeddable":true,"href":"https:\/\/www.kubic3d.com\/index.php\/wp-json\/wp\/v2\/users\/1"}],"replies":[{"embeddable":true,"href":"https:\/\/www.kubic3d.com\/index.php\/wp-json\/wp\/v2\/comments?post=378"}],"version-history":[{"count":52,"href":"https:\/\/www.kubic3d.com\/index.php\/wp-json\/wp\/v2\/pages\/378\/revisions"}],"predecessor-version":[{"id":586,"href":"https:\/\/www.kubic3d.com\/index.php\/wp-json\/wp\/v2\/pages\/378\/revisions\/586"}],"wp:attachment":[{"href":"https:\/\/www.kubic3d.com\/index.php\/wp-json\/wp\/v2\/media?parent=378"}],"curies":[{"name":"wp","href":"https:\/\/api.w.org\/{rel}","templated":true}]}}